{"id":21,"date":"2023-01-19T09:35:40","date_gmt":"2023-01-19T08:35:40","guid":{"rendered":"https:\/\/localhost\/lasatin3\/?post_type=product&#038;p=21"},"modified":"2025-05-29T00:27:42","modified_gmt":"2025-05-28T22:27:42","slug":"kratasy-se-zapinanim-vzadu","status":"publish","type":"product","link":"https:\/\/lasatin-eshop.cz\/?product=kratasy-se-zapinanim-vzadu","title":{"rendered":"Kra\u0165asy se zap\u00edn\u00e1n\u00edm vzadu"},"content":{"rendered":"<p>Sat\u00e9nov\u00e9 kra\u0165asy bal\u00f3nov\u00e9ho st\u0159ihu, s \u0159asen\u00edm a se zap\u00edn\u00e1n\u00edm na zip v zadn\u00edm d\u00edle. \u0160ortky maj\u00ed vysok\u00fd pas, v\u0161itou pod\u0161\u00edvku (d\u00edky pod\u0161\u00edvce v chladnu zah\u0159ej\u00ed a v horku p\u016fsob\u00ed chladiv\u011b), hod\u00ed se do setu s LASATIN t\u00edlkem, <a href=\"https:\/\/lasatin-eshop.cz\/?product=satenovy-multiway-top\">MULTIWAY TOP<\/a>em, vestou \u010di sakem.\u00a0Vzdu\u0161n\u00fd st\u0159ih kter\u00fd nevych\u00e1z\u00ed z m\u00f3dy. Elegantn\u00ed, classy a sexy look.<\/p>\n<p><a href=\"http:\/\/lasatin-eshop.cz\/wp-content\/uploads\/2023\/01\/3.pdf\">Tabulka velikost\u00ed<\/a><\/p>\n<p>\u00dadr\u017eba: pran\u00ed ru\u010dn\u011b nebo v pra\u010dce na 30\u00b0, lze \u017eehlit<br \/>\nSlo\u017een\u00ed: 96% polyester, 4% spandex<br \/>\nGram\u00e1\u017e: 85 g\/m2<\/p>\n<div style=\"width: 480px;\" class=\"wp-video\"><video class=\"wp-video-shortcode\" id=\"video-21-1\" width=\"480\" height=\"848\" preload=\"metadata\" controls=\"controls\"><source type=\"video\/mp4\" src=\"https:\/\/lasatin-eshop.cz\/wp-content\/uploads\/2023\/01\/Video-WhatsApp-2023-09-14-v-11.03.00.mp4?_=1\" \/><a href=\"https:\/\/lasatin-eshop.cz\/wp-content\/uploads\/2023\/01\/Video-WhatsApp-2023-09-14-v-11.03.00.mp4\">https:\/\/lasatin-eshop.cz\/wp-content\/uploads\/2023\/01\/Video-WhatsApp-2023-09-14-v-11.03.00.mp4<\/a><\/video><\/div>\n","protected":false},"excerpt":{"rendered":"<p>Sat\u00e9nov\u00e9 kra\u0165asy bal\u00f3nov\u00e9ho st\u0159ihu, s \u0159asen\u00edm a se zap\u00edn\u00e1n\u00edm na zip v zadn\u00edm d\u00edle. \u0160ortky maj\u00ed vysok\u00fd pas, v\u0161itou pod\u0161\u00edvku (d\u00edky pod\u0161\u00edvce v chladnu zah\u0159ej\u00ed a v horku p\u016fsob\u00ed chladiv\u011b), hod\u00ed se do setu s LASATIN t\u00edlkem, MULTIWAY TOPem, vestou \u010di sakem.\u00a0Vzdu\u0161n\u00fd st\u0159ih kter\u00fd nevych\u00e1z\u00ed z m\u00f3dy. Elegantn\u00ed, classy a sexy look. Tabulka velikost\u00ed \u00dadr\u017eba: &hellip;<\/p>\n<p class=\"read-more\"> <a class=\"\" href=\"https:\/\/lasatin-eshop.cz\/?product=kratasy-se-zapinanim-vzadu\"> <span class=\"screen-reader-text\">Kra\u0165asy se zap\u00edn\u00e1n\u00edm vzadu<\/span> Pokra\u010dovat ve \u010dten\u00ed &raquo;<\/a><\/p>\n","protected":false},"featured_media":5570,"comment_status":"open","ping_status":"closed","template":"","meta":{"inline_featured_image":false,"site-sidebar-layout":"default","site-content-layout":"default","ast-global-header-display":"","ast-banner-title-visibility":"","ast-main-header-display":"","ast-hfb-above-header-display":"","ast-hfb-below-header-display":"","ast-hfb-mobile-header-display":"","site-post-title":"","ast-breadcrumbs-content":"","ast-featured-img":"","footer-sml-layout":"","theme-transparent-header-meta":"default","adv-header-id-meta":"","stick-header-meta":"","header-above-stick-meta":"","header-main-stick-meta":"","header-below-stick-meta":""},"product_brand":[],"product_cat":[18],"product_tag":[],"class_list":{"0":"post-21","1":"product","2":"type-product","3":"status-publish","4":"has-post-thumbnail","6":"product_cat-kratase","7":"desktop-align-left","8":"tablet-align-left","9":"mobile-align-left","11":"first","12":"instock","13":"shipping-taxable","14":"purchasable","15":"product-type-variable"},"yoast_head":"<!-- This site is optimized with the Yoast SEO plugin v25.0 - https:\/\/yoast.com\/wordpress\/plugins\/seo\/ -->\n<title>Kra\u0165asy se zap\u00edn\u00e1n\u00edm vzadu -<\/title>\n<meta name=\"robots\" content=\"index, follow, max-snippet:-1, max-image-preview:large, max-video-preview:-1\" \/>\n<link rel=\"canonical\" href=\"https:\/\/lasatin-eshop.cz\/?product=kratasy-se-zapinanim-vzadu\" \/>\n<meta property=\"og:locale\" content=\"cs_CZ\" \/>\n<meta property=\"og:type\" content=\"article\" \/>\n<meta property=\"og:title\" content=\"Kra\u0165asy se zap\u00edn\u00e1n\u00edm vzadu -\" \/>\n<meta property=\"og:description\" content=\"Sat\u00e9nov\u00e9 kra\u0165asy bal\u00f3nov\u00e9ho st\u0159ihu, s \u0159asen\u00edm a se zap\u00edn\u00e1n\u00edm na zip v zadn\u00edm d\u00edle. \u0160ortky maj\u00ed vysok\u00fd pas, v\u0161itou pod\u0161\u00edvku (d\u00edky pod\u0161\u00edvce v chladnu zah\u0159ej\u00ed a v horku p\u016fsob\u00ed chladiv\u011b), hod\u00ed se do setu s LASATIN t\u00edlkem, MULTIWAY TOPem, vestou \u010di sakem.\u00a0Vzdu\u0161n\u00fd st\u0159ih kter\u00fd nevych\u00e1z\u00ed z m\u00f3dy. Elegantn\u00ed, classy a sexy look. Tabulka velikost\u00ed \u00dadr\u017eba: &hellip; Kra\u0165asy se zap\u00edn\u00e1n\u00edm vzadu Pokra\u010dovat ve \u010dten\u00ed &raquo;\" \/>\n<meta property=\"og:url\" content=\"https:\/\/lasatin-eshop.cz\/?product=kratasy-se-zapinanim-vzadu\" \/>\n<meta property=\"article:modified_time\" content=\"2025-05-28T22:27:42+00:00\" \/>\n<meta property=\"og:image\" content=\"https:\/\/lasatin-eshop.cz\/wp-content\/uploads\/2023\/01\/30812e03-19a8-4e79-9977-68727edec593.jpg\" \/>\n\t<meta property=\"og:image:width\" content=\"1440\" \/>\n\t<meta property=\"og:image:height\" content=\"1791\" \/>\n\t<meta property=\"og:image:type\" content=\"image\/jpeg\" \/>\n<meta name=\"twitter:card\" content=\"summary_large_image\" \/>\n<meta name=\"twitter:label1\" content=\"Odhadovan\u00e1 doba \u010dten\u00ed\" \/>\n\t<meta name=\"twitter:data1\" content=\"1 minuta\" \/>\n<script type=\"application\/ld+json\" class=\"yoast-schema-graph\">{\"@context\":\"https:\/\/schema.org\",\"@graph\":[{\"@type\":\"WebPage\",\"@id\":\"https:\/\/lasatin-eshop.cz\/?product=kratasy-se-zapinanim-vzadu\",\"url\":\"https:\/\/lasatin-eshop.cz\/?product=kratasy-se-zapinanim-vzadu\",\"name\":\"Kra\u0165asy se zap\u00edn\u00e1n\u00edm vzadu -\",\"isPartOf\":{\"@id\":\"https:\/\/lasatin-eshop.cz\/#website\"},\"primaryImageOfPage\":{\"@id\":\"https:\/\/lasatin-eshop.cz\/?product=kratasy-se-zapinanim-vzadu#primaryimage\"},\"image\":{\"@id\":\"https:\/\/lasatin-eshop.cz\/?product=kratasy-se-zapinanim-vzadu#primaryimage\"},\"thumbnailUrl\":\"https:\/\/lasatin-eshop.cz\/wp-content\/uploads\/2023\/01\/30812e03-19a8-4e79-9977-68727edec593.jpg\",\"datePublished\":\"2023-01-19T08:35:40+00:00\",\"dateModified\":\"2025-05-28T22:27:42+00:00\",\"breadcrumb\":{\"@id\":\"https:\/\/lasatin-eshop.cz\/?product=kratasy-se-zapinanim-vzadu#breadcrumb\"},\"inLanguage\":\"cs\",\"potentialAction\":[{\"@type\":\"ReadAction\",\"target\":[\"https:\/\/lasatin-eshop.cz\/?product=kratasy-se-zapinanim-vzadu\"]}]},{\"@type\":\"ImageObject\",\"inLanguage\":\"cs\",\"@id\":\"https:\/\/lasatin-eshop.cz\/?product=kratasy-se-zapinanim-vzadu#primaryimage\",\"url\":\"https:\/\/lasatin-eshop.cz\/wp-content\/uploads\/2023\/01\/30812e03-19a8-4e79-9977-68727edec593.jpg\",\"contentUrl\":\"https:\/\/lasatin-eshop.cz\/wp-content\/uploads\/2023\/01\/30812e03-19a8-4e79-9977-68727edec593.jpg\",\"width\":1440,\"height\":1791},{\"@type\":\"BreadcrumbList\",\"@id\":\"https:\/\/lasatin-eshop.cz\/?product=kratasy-se-zapinanim-vzadu#breadcrumb\",\"itemListElement\":[{\"@type\":\"ListItem\",\"position\":1,\"name\":\"Dom\u016f\",\"item\":\"https:\/\/lasatin-eshop.cz\/\"},{\"@type\":\"ListItem\",\"position\":2,\"name\":\"Obchod\",\"item\":\"https:\/\/lasatin-eshop.cz\/?page_id=6\"},{\"@type\":\"ListItem\",\"position\":3,\"name\":\"Kra\u0165asy se zap\u00edn\u00e1n\u00edm vzadu\"}]},{\"@type\":\"WebSite\",\"@id\":\"https:\/\/lasatin-eshop.cz\/#website\",\"url\":\"https:\/\/lasatin-eshop.cz\/\",\"name\":\"Lasatin\",\"description\":\"Produkty vyr\u00e1b\u011bn\u00e9 s l\u00e1skou a ohledem k p\u0159\u00edrod\u011b z luxusn\u00edho a udr\u017eiteln\u00e9ho sat\u00e9nu - Armani hedv\u00e1b\u00ed.\",\"publisher\":{\"@id\":\"https:\/\/lasatin-eshop.cz\/#organization\"},\"potentialAction\":[{\"@type\":\"SearchAction\",\"target\":{\"@type\":\"EntryPoint\",\"urlTemplate\":\"https:\/\/lasatin-eshop.cz\/?s={search_term_string}\"},\"query-input\":{\"@type\":\"PropertyValueSpecification\",\"valueRequired\":true,\"valueName\":\"search_term_string\"}}],\"inLanguage\":\"cs\"},{\"@type\":\"Organization\",\"@id\":\"https:\/\/lasatin-eshop.cz\/#organization\",\"name\":\"lasatin\",\"url\":\"https:\/\/lasatin-eshop.cz\/\",\"logo\":{\"@type\":\"ImageObject\",\"inLanguage\":\"cs\",\"@id\":\"https:\/\/lasatin-eshop.cz\/#\/schema\/logo\/image\/\",\"url\":\"https:\/\/lasatin-eshop.cz\/wp-content\/uploads\/2023\/06\/lasatin-logo-barevne-pruhledne-pozadi.png\",\"contentUrl\":\"https:\/\/lasatin-eshop.cz\/wp-content\/uploads\/2023\/06\/lasatin-logo-barevne-pruhledne-pozadi.png\",\"width\":512,\"height\":512,\"caption\":\"lasatin\"},\"image\":{\"@id\":\"https:\/\/lasatin-eshop.cz\/#\/schema\/logo\/image\/\"},\"sameAs\":[\"https:\/\/www.instagram.com\/lasatinofficial\/?hl=en\"]}]}<\/script>\n<!-- \/ Yoast SEO plugin. -->","yoast_head_json":{"title":"Kra\u0165asy se zap\u00edn\u00e1n\u00edm vzadu -","robots":{"index":"index","follow":"follow","max-snippet":"max-snippet:-1","max-image-preview":"max-image-preview:large","max-video-preview":"max-video-preview:-1"},"canonical":"https:\/\/lasatin-eshop.cz\/?product=kratasy-se-zapinanim-vzadu","og_locale":"cs_CZ","og_type":"article","og_title":"Kra\u0165asy se zap\u00edn\u00e1n\u00edm vzadu -","og_description":"Sat\u00e9nov\u00e9 kra\u0165asy bal\u00f3nov\u00e9ho st\u0159ihu, s \u0159asen\u00edm a se zap\u00edn\u00e1n\u00edm na zip v zadn\u00edm d\u00edle. \u0160ortky maj\u00ed vysok\u00fd pas, v\u0161itou pod\u0161\u00edvku (d\u00edky pod\u0161\u00edvce v chladnu zah\u0159ej\u00ed a v horku p\u016fsob\u00ed chladiv\u011b), hod\u00ed se do setu s LASATIN t\u00edlkem, MULTIWAY TOPem, vestou \u010di sakem.\u00a0Vzdu\u0161n\u00fd st\u0159ih kter\u00fd nevych\u00e1z\u00ed z m\u00f3dy. Elegantn\u00ed, classy a sexy look. Tabulka velikost\u00ed \u00dadr\u017eba: &hellip; Kra\u0165asy se zap\u00edn\u00e1n\u00edm vzadu Pokra\u010dovat ve \u010dten\u00ed &raquo;","og_url":"https:\/\/lasatin-eshop.cz\/?product=kratasy-se-zapinanim-vzadu","article_modified_time":"2025-05-28T22:27:42+00:00","og_image":[{"width":1440,"height":1791,"url":"https:\/\/lasatin-eshop.cz\/wp-content\/uploads\/2023\/01\/30812e03-19a8-4e79-9977-68727edec593.jpg","type":"image\/jpeg"}],"twitter_card":"summary_large_image","twitter_misc":{"Odhadovan\u00e1 doba \u010dten\u00ed":"1 minuta"},"schema":{"@context":"https:\/\/schema.org","@graph":[{"@type":"WebPage","@id":"https:\/\/lasatin-eshop.cz\/?product=kratasy-se-zapinanim-vzadu","url":"https:\/\/lasatin-eshop.cz\/?product=kratasy-se-zapinanim-vzadu","name":"Kra\u0165asy se zap\u00edn\u00e1n\u00edm vzadu -","isPartOf":{"@id":"https:\/\/lasatin-eshop.cz\/#website"},"primaryImageOfPage":{"@id":"https:\/\/lasatin-eshop.cz\/?product=kratasy-se-zapinanim-vzadu#primaryimage"},"image":{"@id":"https:\/\/lasatin-eshop.cz\/?product=kratasy-se-zapinanim-vzadu#primaryimage"},"thumbnailUrl":"https:\/\/lasatin-eshop.cz\/wp-content\/uploads\/2023\/01\/30812e03-19a8-4e79-9977-68727edec593.jpg","datePublished":"2023-01-19T08:35:40+00:00","dateModified":"2025-05-28T22:27:42+00:00","breadcrumb":{"@id":"https:\/\/lasatin-eshop.cz\/?product=kratasy-se-zapinanim-vzadu#breadcrumb"},"inLanguage":"cs","potentialAction":[{"@type":"ReadAction","target":["https:\/\/lasatin-eshop.cz\/?product=kratasy-se-zapinanim-vzadu"]}]},{"@type":"ImageObject","inLanguage":"cs","@id":"https:\/\/lasatin-eshop.cz\/?product=kratasy-se-zapinanim-vzadu#primaryimage","url":"https:\/\/lasatin-eshop.cz\/wp-content\/uploads\/2023\/01\/30812e03-19a8-4e79-9977-68727edec593.jpg","contentUrl":"https:\/\/lasatin-eshop.cz\/wp-content\/uploads\/2023\/01\/30812e03-19a8-4e79-9977-68727edec593.jpg","width":1440,"height":1791},{"@type":"BreadcrumbList","@id":"https:\/\/lasatin-eshop.cz\/?product=kratasy-se-zapinanim-vzadu#breadcrumb","itemListElement":[{"@type":"ListItem","position":1,"name":"Dom\u016f","item":"https:\/\/lasatin-eshop.cz\/"},{"@type":"ListItem","position":2,"name":"Obchod","item":"https:\/\/lasatin-eshop.cz\/?page_id=6"},{"@type":"ListItem","position":3,"name":"Kra\u0165asy se zap\u00edn\u00e1n\u00edm vzadu"}]},{"@type":"WebSite","@id":"https:\/\/lasatin-eshop.cz\/#website","url":"https:\/\/lasatin-eshop.cz\/","name":"Lasatin","description":"Produkty vyr\u00e1b\u011bn\u00e9 s l\u00e1skou a ohledem k p\u0159\u00edrod\u011b z luxusn\u00edho a udr\u017eiteln\u00e9ho sat\u00e9nu - Armani hedv\u00e1b\u00ed.","publisher":{"@id":"https:\/\/lasatin-eshop.cz\/#organization"},"potentialAction":[{"@type":"SearchAction","target":{"@type":"EntryPoint","urlTemplate":"https:\/\/lasatin-eshop.cz\/?s={search_term_string}"},"query-input":{"@type":"PropertyValueSpecification","valueRequired":true,"valueName":"search_term_string"}}],"inLanguage":"cs"},{"@type":"Organization","@id":"https:\/\/lasatin-eshop.cz\/#organization","name":"lasatin","url":"https:\/\/lasatin-eshop.cz\/","logo":{"@type":"ImageObject","inLanguage":"cs","@id":"https:\/\/lasatin-eshop.cz\/#\/schema\/logo\/image\/","url":"https:\/\/lasatin-eshop.cz\/wp-content\/uploads\/2023\/06\/lasatin-logo-barevne-pruhledne-pozadi.png","contentUrl":"https:\/\/lasatin-eshop.cz\/wp-content\/uploads\/2023\/06\/lasatin-logo-barevne-pruhledne-pozadi.png","width":512,"height":512,"caption":"lasatin"},"image":{"@id":"https:\/\/lasatin-eshop.cz\/#\/schema\/logo\/image\/"},"sameAs":["https:\/\/www.instagram.com\/lasatinofficial\/?hl=en"]}]}},"_links":{"self":[{"href":"https:\/\/lasatin-eshop.cz\/index.php?rest_route=\/wp\/v2\/product\/21","targetHints":{"allow":["GET"]}}],"collection":[{"href":"https:\/\/lasatin-eshop.cz\/index.php?rest_route=\/wp\/v2\/product"}],"about":[{"href":"https:\/\/lasatin-eshop.cz\/index.php?rest_route=\/wp\/v2\/types\/product"}],"replies":[{"embeddable":true,"href":"https:\/\/lasatin-eshop.cz\/index.php?rest_route=%2Fwp%2Fv2%2Fcomments&post=21"}],"wp:featuredmedia":[{"embeddable":true,"href":"https:\/\/lasatin-eshop.cz\/index.php?rest_route=\/wp\/v2\/media\/5570"}],"wp:attachment":[{"href":"https:\/\/lasatin-eshop.cz\/index.php?rest_route=%2Fwp%2Fv2%2Fmedia&parent=21"}],"wp:term":[{"taxonomy":"product_brand","embeddable":true,"href":"https:\/\/lasatin-eshop.cz\/index.php?rest_route=%2Fwp%2Fv2%2Fproduct_brand&post=21"},{"taxonomy":"product_cat","embeddable":true,"href":"https:\/\/lasatin-eshop.cz\/index.php?rest_route=%2Fwp%2Fv2%2Fproduct_cat&post=21"},{"taxonomy":"product_tag","embeddable":true,"href":"https:\/\/lasatin-eshop.cz\/index.php?rest_route=%2Fwp%2Fv2%2Fproduct_tag&post=21"}],"curies":[{"name":"wp","href":"https:\/\/api.w.org\/{rel}","templated":true}]}}